{"id":177,"date":"2024-02-25T20:50:46","date_gmt":"2024-02-25T19:50:46","guid":{"rendered":"https:\/\/trokotec.de\/?page_id=177"},"modified":"2024-04-27T11:48:45","modified_gmt":"2024-04-27T09:48:45","slug":"trockeneisbehaelter","status":"publish","type":"page","link":"https:\/\/trokotec.de\/?page_id=177","title":{"rendered":"TROCKENEISBEH\u00c4LTER"},"content":{"rendered":"\n<p><\/p>\n\n\n\n<div class=\"wp-block-group alignfull is-layout-constrained wp-container-core-group-is-layout-490fa1db wp-block-group-is-layout-constrained\" style=\"padding-top:var(--wp--preset--spacing--50);padding-right:var(--wp--preset--spacing--50);padding-bottom:var(--wp--preset--spacing--50);padding-left:var(--wp--preset--spacing--50)\">\n<div class=\"wp-block-group is-layout-constrained wp-container-core-group-is-layout-650790e1 wp-block-group-is-layout-constrained\">\n<h1 class=\"wp-block-heading has-text-align-center\" style=\"font-size:31px\">TROCKENEISTHERMOBEH\u00c4LTER<\/h1>\n\n\n\n<div style=\"height:1.25rem\" aria-hidden=\"true\" class=\"wp-block-spacer\"><\/div>\n\n\n\n<p class=\"has-text-align-center\">F\u00fcr die richtige Lagerung von Trockeneis,<br>bieten wir eine gro\u00dfe Auswahl<br>an Lagerbeh\u00e4ltern aus GFK und Kunststoff<br>in den Gr\u00f6\u00dfen 160 L , 260 L , 440 L , 520 L<\/p>\n<\/div>\n<\/div>\n\n\n\n<div style=\"height:100px\" aria-hidden=\"true\" class=\"wp-block-spacer\"><\/div>\n\n\n\n<figure class=\"wp-block-image aligncenter size-full\"><img loading=\"lazy\" decoding=\"async\" width=\"248\" height=\"404\" src=\"https:\/\/trokotec.de\/wp-content\/uploads\/2024\/04\/Trockeneisbox_2.png\" alt=\"\" class=\"wp-image-567\" srcset=\"https:\/\/trokotec.de\/wp-content\/uploads\/2024\/04\/Trockeneisbox_2.png 248w, https:\/\/trokotec.de\/wp-content\/uploads\/2024\/04\/Trockeneisbox_2-184x300.png 184w\" sizes=\"auto, (max-width: 248px) 100vw, 248px\" \/><\/figure>\n\n\n\n<p>Durch die hohe Qualit\u00e4t der&nbsp;Trockeneisthermobeh\u00e4lter&nbsp;eignen sich diese sowohl f\u00fcr die Lagerung als auch f\u00fcr den Weitertransport&nbsp;Ihrer Produkte.&nbsp;Die Trockeneisthermobeh\u00e4lter sind f\u00fcr Trockeneispellets, Trockeneis-Nuggets, Trockeneisbl\u00f6cken usw. geeignet, ebenso sind diese Boxen lebensmittelecht und k\u00f6nnen somit auch f\u00fcr Lebensmittel verwendet werden.&nbsp;Die&nbsp;Trockeneisthermobeh\u00e4lter&nbsp;garantieren eine ununterbrochene K\u00fchlkette, auch wenn man temperatursensible Produkte lagert.<\/p>\n\n\n\n<p>Gefrorene Lebensmittel, die in Isolierboxen versendet werden sollen, k\u00f6nnen mit ein paar kg Trockeneis stundenlang tiefgefroren bleiben.<\/p>\n\n\n\n<div class=\"wp-block-columns is-layout-flex wp-container-core-columns-is-layout-6a33ab9b wp-block-columns-is-layout-flex\" style=\"margin-top:var(--wp--preset--spacing--20);margin-bottom:var(--wp--preset--spacing--20);padding-right:var(--wp--preset--spacing--40);padding-left:var(--wp--preset--spacing--40)\">\n<div class=\"wp-block-column is-layout-flow wp-block-column-is-layout-flow\">\n<figure class=\"wp-block-image size-large\"><img loading=\"lazy\" decoding=\"async\" width=\"1024\" height=\"683\" src=\"https:\/\/trokotec.de\/wp-content\/uploads\/2024\/04\/Box_2-1024x683.png\" alt=\"\" class=\"wp-image-372\" srcset=\"https:\/\/trokotec.de\/wp-content\/uploads\/2024\/04\/Box_2-1024x683.png 1024w, https:\/\/trokotec.de\/wp-content\/uploads\/2024\/04\/Box_2-300x200.png 300w, https:\/\/trokotec.de\/wp-content\/uploads\/2024\/04\/Box_2-768x513.png 768w, https:\/\/trokotec.de\/wp-content\/uploads\/2024\/04\/Box_2-1536x1025.png 1536w, https:\/\/trokotec.de\/wp-content\/uploads\/2024\/04\/Box_2-2048x1367.png 2048w\" sizes=\"auto, (max-width: 1024px) 100vw, 1024px\" \/><\/figure>\n\n\n\n<p class=\"has-text-align-center\">Optional mit Rollen<\/p>\n<\/div>\n\n\n\n<div class=\"wp-block-column is-layout-flow wp-block-column-is-layout-flow\">\n<figure class=\"wp-block-image aligncenter size-large is-resized\"><img loading=\"lazy\" decoding=\"async\" width=\"847\" height=\"1024\" src=\"https:\/\/trokotec.de\/wp-content\/uploads\/2024\/04\/Box_5-847x1024.png\" alt=\"\" class=\"wp-image-373\" style=\"width:269px;height:auto\" srcset=\"https:\/\/trokotec.de\/wp-content\/uploads\/2024\/04\/Box_5-847x1024.png 847w, https:\/\/trokotec.de\/wp-content\/uploads\/2024\/04\/Box_5-248x300.png 248w, https:\/\/trokotec.de\/wp-content\/uploads\/2024\/04\/Box_5-768x928.png 768w, https:\/\/trokotec.de\/wp-content\/uploads\/2024\/04\/Box_5-1271x1536.png 1271w, https:\/\/trokotec.de\/wp-content\/uploads\/2024\/04\/Box_5-1695x2048.png 1695w\" sizes=\"auto, (max-width: 847px) 100vw, 847px\" \/><\/figure>\n\n\n\n<p class=\"has-text-align-center\">Stapelbar<\/p>\n<\/div>\n\n\n\n<div class=\"wp-block-column is-layout-flow wp-block-column-is-layout-flow\">\n<figure class=\"wp-block-image aligncenter size-large is-resized\"><img loading=\"lazy\" decoding=\"async\" width=\"683\" height=\"1024\" src=\"https:\/\/trokotec.de\/wp-content\/uploads\/2024\/04\/Box_6-683x1024.png\" alt=\"\" class=\"wp-image-374\" style=\"width:167px;height:auto\" srcset=\"https:\/\/trokotec.de\/wp-content\/uploads\/2024\/04\/Box_6-683x1024.png 683w, https:\/\/trokotec.de\/wp-content\/uploads\/2024\/04\/Box_6-200x300.png 200w, https:\/\/trokotec.de\/wp-content\/uploads\/2024\/04\/Box_6-768x1151.png 768w, https:\/\/trokotec.de\/wp-content\/uploads\/2024\/04\/Box_6-1025x1536.png 1025w, https:\/\/trokotec.de\/wp-content\/uploads\/2024\/04\/Box_6-1367x2048.png 1367w\" sizes=\"auto, (max-width: 683px) 100vw, 683px\" \/><\/figure>\n\n\n\n<p class=\"has-text-align-center\">Dicht verschlie\u00dfbar<\/p>\n<\/div>\n<\/div>\n\n\n\n<div style=\"height:100px\" aria-hidden=\"true\" class=\"wp-block-spacer\"><\/div>\n\n\n\n<h3 class=\"wp-block-heading\"><strong>Trockeneis-Container AT 240<\/strong><\/h3>\n\n\n\n<p>Der Trockeneiscontainer AT 240 aus Polyethylen mit ausgesch\u00e4umten Hohlr\u00e4umen und einer Silikonschaumprofildichtung im Deckel sorgen f\u00fcr ausgezeichnete Isolationswerte.<\/p>\n\n\n\n<p>Die Box verf\u00fcgt \u00fcber einen Deckel mit integriertem Scharnier und einer einfachen und stabilen Schliesstechnik. Die&nbsp; Verschl\u00fcsse aus Edelstahl sind verstellbar und bieten die M\u00f6glichkeit, den Container zu versiegeln.<\/p>\n\n\n\n<p>Die integrierten arretierbaren Rollen (2 Fixrollen,&nbsp;<br>2 Lenkrollen) erlauben ein einfaches Verschieben des Containers an den gew\u00fcnschten Ort.<\/p>\n\n\n\n<div style=\"height:50px\" aria-hidden=\"true\" class=\"wp-block-spacer\"><\/div>\n\n\n\n<div class=\"wp-block-media-text is-stacked-on-mobile animated fadeInLeft\"><figure class=\"wp-block-media-text__media\"><img loading=\"lazy\" decoding=\"async\" width=\"708\" height=\"627\" src=\"https:\/\/trokotec.de\/wp-content\/uploads\/2024\/04\/Trockeneisbox-240-Liter.png\" alt=\"\" class=\"wp-image-568 size-full\" srcset=\"https:\/\/trokotec.de\/wp-content\/uploads\/2024\/04\/Trockeneisbox-240-Liter.png 708w, https:\/\/trokotec.de\/wp-content\/uploads\/2024\/04\/Trockeneisbox-240-Liter-300x266.png 300w\" sizes=\"auto, (max-width: 708px) 100vw, 708px\" \/><\/figure><div class=\"wp-block-media-text__content\">\n<p><strong>Technische Daten:<br><\/strong>Material:&nbsp;Polyethylen mit Schaumisolierung<br>Innenma\u00dfe (LxBxH):&nbsp;940 x 500 x 530 mm<br>Au\u00dfenma\u00dfe LxBxH): 1150 x 705 x 1020 mm<br>Arbeitsh\u00f6he (bei ge\u00f6ffnetem Deckel):&nbsp;925 mm<br>Verschluss:&nbsp;Edelstahl<br>Tara Gewicht:&nbsp;54 kg<br>Innenvolumen:&nbsp;240 Liter<br>Sublimation: ca. 4,0 %\/Tag<br>Kapazit\u00e4t bei 3mm Pellets:&nbsp;190 kg<br>Kapazit\u00e4t bei Bl\u00f6cken:&nbsp;280 kg<\/p>\n<\/div><\/div>\n\n\n\n<p><\/p>\n\n\n\n<div style=\"height:100px\" aria-hidden=\"true\" class=\"wp-block-spacer\"><\/div>\n\n\n\n<h3 class=\"wp-block-heading\"><strong>Trockeneis-Container AT 440<\/strong><\/h3>\n\n\n\n<p>Die speziell entwickelte Schaumstoff-Urethan-Isolation des Trockeneiscontainers AT 440 bietet eine hervorragende Temperaturkontrolle und eine lange Haltbarkeit.<\/p>\n\n\n\n<p>Die spezielle Ausf\u00fchrung des Deckels und der Unterseite erm\u00f6glicht ein einfaches Stapeln der Container. Das innovative Design der Dichtungen l\u00e4sst K\u00e4lte nicht entweichen. Dar\u00fcber hinaus ist der Container hervorragend isoliert, was zu einer deutlich geringeren Sublimationsrate f\u00fchrt.<\/p>\n\n\n\n<p>Der Trockeneiscontainer AT 440 entspricht dem Standardma\u00df der Europalette von 1200\u00d7800 mm und kann daher ideal f\u00fcr Lager- und Transportzwecke eingesetzt werden.<\/p>\n\n\n\n<div style=\"height:50px\" aria-hidden=\"true\" class=\"wp-block-spacer\"><\/div>\n\n\n\n<div class=\"wp-block-media-text is-stacked-on-mobile animated fadeInLeft\"><figure class=\"wp-block-media-text__media\"><img loading=\"lazy\" decoding=\"async\" width=\"549\" height=\"495\" src=\"https:\/\/trokotec.de\/wp-content\/uploads\/2024\/04\/Trockenbox-440-Liter.png\" alt=\"\" class=\"wp-image-569 size-full\" srcset=\"https:\/\/trokotec.de\/wp-content\/uploads\/2024\/04\/Trockenbox-440-Liter.png 549w, https:\/\/trokotec.de\/wp-content\/uploads\/2024\/04\/Trockenbox-440-Liter-300x270.png 300w\" sizes=\"auto, (max-width: 549px) 100vw, 549px\" \/><\/figure><div class=\"wp-block-media-text__content\">\n<p><strong>Technische Daten:<\/strong><br>Material: Polyethylen mit Schaumisolierung<br>Innenma\u00dfe (LxBxH): 1025 x 650 x 655 mm<br>Au\u00dfenma\u00dfe LxBxH):\u00a01175 x 800 x 990 mm<br>Arbeitsh\u00f6he (bei ge\u00f6ffnetem Deckel):\u00a0920 mm<br>Tara Gewicht:\u00a060 kg<br>Innenvolumen:\u00a0440 Liter<br>Sublimation:\u00a0ca. 4,1 %\/Tag<br>Kapazit\u00e4t bei 3mm Pellets:\u00a0350 kg<br>Kapazit\u00e4t bei Bl\u00f6cken:\u00a0510 kg<\/p>\n<\/div><\/div>\n\n\n\n<div style=\"height:100px\" aria-hidden=\"true\" class=\"wp-block-spacer\"><\/div>\n","protected":false},"excerpt":{"rendered":"<p>TROCKENEISTHERMOBEH\u00c4LTER F\u00fcr die richtige Lagerung von Trockeneis,bieten wir eine gro\u00dfe Auswahlan Lagerbeh\u00e4ltern aus GFK und Kunststoffin den Gr\u00f6\u00dfen 160 L [&hellip;]<\/p>\n","protected":false},"author":1,"featured_media":0,"parent":0,"menu_order":0,"comment_status":"closed","ping_status":"closed","template":"","meta":{"site-sidebar-layout":"default","site-content-layout":"","ast-site-content-layout":"","site-content-style":"default","site-sidebar-style":"default","ast-global-header-display":"","ast-banner-title-visibility":"","ast-main-header-display":"","ast-hfb-above-header-display":"","ast-hfb-below-header-display":"","ast-hfb-mobile-header-display":"","site-post-title":"disabled","ast-breadcrumbs-content":"","ast-featured-img":"","footer-sml-layout":"","theme-transparent-header-meta":"","adv-header-id-meta":"","stick-header-meta":"","header-above-stick-meta":"","header-main-stick-meta":"","header-below-stick-meta":"","astra-migrate-meta-layouts":"default","ast-page-background-enabled":"default","ast-page-background-meta":{"desktop":{"background-color":"var(--ast-global-color-4)","background-image":"","background-repeat":"repeat","background-position":"center center","background-size":"auto","background-attachment":"scroll","background-type":"","background-media":"","overlay-type":"","overlay-color":"","overlay-gradient":""},"tablet":{"background-color":"","background-image":"","background-repeat":"repeat","background-position":"center center","background-size":"auto","background-attachment":"scroll","background-type":"","background-media":"","overlay-type":"","overlay-color":"","overlay-gradient":""},"mobile":{"background-color":"","background-image":"","background-repeat":"repeat","background-position":"center center","background-size":"auto","background-attachment":"scroll","background-type":"","background-media":"","overlay-type":"","overlay-color":"","overlay-gradient":""}},"ast-content-background-meta":{"desktop":{"background-color":"var(--ast-global-color-5)","background-image":"","background-repeat":"repeat","background-position":"center center","background-size":"auto","background-attachment":"scroll","background-type":"","background-media":"","overlay-type":"","overlay-color":"","overlay-gradient":""},"tablet":{"background-color":"var(--ast-global-color-5)","background-image":"","background-repeat":"repeat","background-position":"center center","background-size":"auto","background-attachment":"scroll","background-type":"","background-media":"","overlay-type":"","overlay-color":"","overlay-gradient":""},"mobile":{"background-color":"var(--ast-global-color-5)","background-image":"","background-repeat":"repeat","background-position":"center center","background-size":"auto","background-attachment":"scroll","background-type":"","background-media":"","overlay-type":"","overlay-color":"","overlay-gradient":""}},"footnotes":""},"class_list":["post-177","page","type-page","status-publish","hentry"],"_links":{"self":[{"href":"https:\/\/trokotec.de\/index.php?rest_route=\/wp\/v2\/pages\/177","targetHints":{"allow":["GET"]}}],"collection":[{"href":"https:\/\/trokotec.de\/index.php?rest_route=\/wp\/v2\/pages"}],"about":[{"href":"https:\/\/trokotec.de\/index.php?rest_route=\/wp\/v2\/types\/page"}],"author":[{"embeddable":true,"href":"https:\/\/trokotec.de\/index.php?rest_route=\/wp\/v2\/users\/1"}],"replies":[{"embeddable":true,"href":"https:\/\/trokotec.de\/index.php?rest_route=%2Fwp%2Fv2%2Fcomments&post=177"}],"version-history":[{"count":10,"href":"https:\/\/trokotec.de\/index.php?rest_route=\/wp\/v2\/pages\/177\/revisions"}],"predecessor-version":[{"id":579,"href":"https:\/\/trokotec.de\/index.php?rest_route=\/wp\/v2\/pages\/177\/revisions\/579"}],"wp:attachment":[{"href":"https:\/\/trokotec.de\/index.php?rest_route=%2Fwp%2Fv2%2Fmedia&parent=177"}],"curies":[{"name":"wp","href":"https:\/\/api.w.org\/{rel}","templated":true}]}}